ase 8) to base 6.
14054
-284 (base 12) to base 15
-1ad
Convert 1aa7 (base 16) to base 6.
51331
-201136 (base 7) to base 15
-a13d
What is -141 (base 14) in base 12?
-191
What is 2be (base 16) in base 3?
222000
Convert 102100010 (base 3) to base 5.
231030
What is 454 (base 14) in base 10?
858
Convert -146 (base 8) to base 14.
-74
218b (base 16) to base 9
12701
43901 (base 11) to base 8
174237
-210112200 (base 3) to base 15
-49c0
-443102 (base 6) to base 11
-25863
What is 40554 (base 7) in base 11?
747a
Convert -1223131 (base 4) to base 16.
-1add
What is 4994 (base 16) in base 11?
13174
What is 178 (base 10) in base 14?
ca
-225123 (base 7) to base 15
-bd9c
Convert -47a7 (base 16) to base 4.
-10132213
Convert -16218 (base 12) to base 14.
-b63a
What is -70 (base 15) in base 5?
-410
Convert -20511 (base 9) to base 14.
-4d0d
-212501 (base 6) to base 8
-42065
What is 42242 (base 5) in base 13?
1391
-460 (base 11) to base 3
-202101
Convert 507 (base 8) to base 9.
403
What is 18d7 (base 14) in base 9?
6151
What is -32045 (base 7) in base 14?
-2c5c
Convert -1731 (base 8) to base 16.
-3d9
What is -347 (base 14) in base 5?
-10101
Convert -10101100001010 (base 2) to base 11.
-8307
2ec (base 16) to base 6
3244
Convert -2235 (base 6) to base 8.
-1017
Convert -1267 (base 10) to base 14.
-667
What is 17dc (base 16) in base 2?
1011111011100
What is 111000021 (base 3) in base 7?
36436
What is 355 (base 15) in base 2?
1011110011
-1633 (base 7) to base 8
-1225
473f (base 16) to base 13
83c0
Convert -a70 (base 11) to base 9.
-1680
Convert 2817 (base 10) to base 11.
2131
What is -123415 (base 6) in base 14?
-40dd
Convert 2676 (base 9) to base 14.
a3b
What is -240 (base 10) in base 13?
-156
Convert -25 (base 14) to base 7.
-45
-11b7 (base 16) to base 9
-6188
417 (base 8) to base 15
131
What is 2518 (base 10) in base 5?
40033
-194b (base 13) to base 12
-2231
2213132 (base 4) to base 10
10718
Convert -14796 (base 12) to base 4.
-13001202
-1142030 (base 5) to base 16
-540b
What is -3323222 (base 4) in base 16?
-3eea
What is 4571 (base 10) in base 3?
20021022
1220220 (base 3) to base 16
579
What is 1083 (base 9) in base 8?
1444
-13361 (base 7) to base 4
-320210
Convert 167e (base 15) to base 6.
34232
Convert -1048d (base 15) to base 13.
-1a689
What is -2100 (base 4) in base 12?
-100
Convert -2220212 (base 3) to base 12.
-1295
What is 100110201 (base 3) in base 7?
26062
What is 26b (base 16) in base 15?
2b4
What is -4b40 (base 13) in base 4?
-2213023
What is -1431 (base 5) in base 12?
-181
Convert 70d (base 14) to base 16.
569
Convert -12252 (base 6) to base 12.
-1088
Convert -413305 (base 6) to base 15.
-9c5b
What is 841 (base 12) in base 11?
9a2
-7560 (base 12) to base 10
-12888
Convert 4241a (base 11) to base 5.
3433411
Convert -1201 (base 11) to base 7.
-4406
-1030 (base 15) to base 5
-102140
What is -2218 (base 14) in base 7?
-23131
983 (base 10) to base 3
1100102
Convert -1122 (base 5) to base 2.
-10100010
4a2 (base 11) to base 10
596
6251 (base 16) to base 14
925b
What is 5e49 (base 16) in base 3?
1020002222
Convert 314 (base 7) to base 15.
a8
What is -44a (base 11) in base 6?
-2254
What is -11011 (base 2) in base 7?
-36
Convert b4 (base 13) to base 11.
124
Convert -7128 (base 12) to base 13.
-5780
Convert 140 (base 6) to base 13.
48
Convert -2143 (base 8) to base 12.
-797
114240 (base 5) to base 11
3278
What is -4818 (base 14) in base 2?
-11000100010110
What is -1121120 (base 3) in base 10?
-1176
80 (base 16) to base 2
10000000
What is -1052 (base 7) in base 8?
-574
What is -12125 (base 11) in base 7?
-101610
Convert -703 (base 12) to base 15.
-476
What is 1b679 (base 14) in base 10?
69883
What is 297 (base 11) in base 3?
110220
What is -101533 (base 6) in base 9?
-12213
1426 (base 15) to base 4
1003113
-216 (base 8) to base 6
-354
Convert 41435 (base 9) to base 13.
c593
200 (base 6) to base 12
60
-875c (base 16) to base 9
-52472
Convert -5231 (base 16) to base 15.
-637b
What is -10001111111010 (base 2) in base 6?
-110350
Convert -92c (base 15) to base 4.
-200103
What is -6748 (base 10) in base 16?
-1a5c
Convert -24b (base 15) to base 4.
-20021
Convert 3046 (base 9) to base 10.
2229
215 (base 12) to base 4
10301
-2738 (base 12) to base 5
-121013
Convert 1c1b (base 15) to base 9.
8328
-1222222 (base 3) to base 6
-10425
What is 1350 (base 14) in base 3?
11200000
What is -399 (base 11) in base 3?
-122110
-1313 (base 5) to base 13
-130
Convert -122001221 (base 3) to base 5.
-344240
6401 (base 7) to base 12
137b
Convert -1506 (base 10) to base 8.
-2742
Convert 15224 (base 7) to base 3.
12210202
36 (base 12) to base 5
132
What is 330 (base 5) in base 7?
156
Convert -144433 (base 5) to base 14.
-23bd
-14433 (base 7) to base 6
-30253
What is -6377 (base 10) in base 2?
-1100011101001
-346a0 (base 12) to base 3
-10120011110
What is 2446 (base 12) in base 10?
4086
What is -223 (base 7) in base 13?
-8b
-100000010100101 (base 2) to base 9
-24627
What is -746e (base 15) in base 11?
-17560
What is -2105 (base 6) in base 14?
-25b
-221100012 (base 3) to base 5
-1042343
What is 1cc0 (base 13) in base 14?
184d
132ca (base 13) to base 5
2120111
-2186 (base 14) to base 9
-7856
What is -2153 (base 6) in base 16?
-1f5
What is 52 (base 12) in base 5?
222
What is -9460 (base 13) in base 7?
-113563
-5c (base 16) to base 4
-1130
Convert 132243 (base 5) to base 12.
30b7
What is 532 (base 15) in base 10?
1172
-6553 (base 11) to base 15
-2869
Convert 1240012 (base 5) to base 6.
304514
Convert -1510432 (base 6) to base 7.
-511430
-764 (base 8) to base 5
-4000
804 (base 10) to base 2
1100100100
Convert -43181 (base 9) to base 12.
-14661
What is 1853 (base 14) in base 15?
1475
25a08 (base 11) to base 10
37155
8b9 (base 16) to base 12
1361
What is 4171 (base 10) in base 15?
1381
What is 150 (base 9) in base 4?
1332
-b4 (base 12) to base 14
-9a
What is 5102 (base 8) in base 6?
20054
788 (base 14) to base 11
1137
13123 (base 4) to base 15
21a
Convert -102543 (base 7) to base 8.
-42551
12120101 (base 3) to base 14
16a0
What is 20112 (base 5) in base 7?
3511
211122 (base 4) to base 8
4532
What is 8761 (base 11) in base 6?
125310
What is 1102220 (base 3) in base 16?
41a
Convert 110001100 (base 2) to base 10.
396
What is 15b (base 16) in base 8?
533
5995 (base 11) to base 2
1111010101000
39131 (base 10) to base 8
114333
What is -238 (base 15) in base 10?
-503
21855 (base 13) to base 6
1145113
Convert -2c50 (base 14) to base 7.
-32030
Convert 8488 (base 10) to base 13.
3b2c
Convert -42848 (base 10) to base 11.
-2a213
What is -40120 (base 5) in base 11?
-19a5
Convert -dc9d (base 16) to base 14.
-16821
-2750 (base 10) to base 14
-1006
What is -43304 (base 5) in base 9?
-4042
-1000222 (base 3) to base 12
-52b
-2c2 (base 13) to base 4
-13300
10120201 (base 3) to base 8
5063
What is -703 (base 10) in base 5?
-10303
What is -e8 (base 15) in base 6?
-1002
Convert -14242 (base 5) to base 13.
-711
What is 10111 (base 5) in base 13?
3b6
-14504 (base 8) to base 16
-1944
Convert -85 (base 16) to base 2.
-10000101
73b (base 16) to base 8
3473
-20133 (base 4) to base 13
-32a
10032404 (base 5) to base 7
453161
154241 (base 7) to base 13
10a48
What is 1797 (base 12) in base 9?
3817
What is 51 (base 6) in base 12?
27
Convert 33598 (base 10) to base 5.
2033343
12010001 (base 3) to base 7
13603
Convert b32 (base 14) to base 8.
4230
-737 (base 8) to base 3
-122202
What is -216 (base 13) in base 2?
-101100101
-1100221 (base 4) to base 10
-5161
Convert 19785 (base 10) to base 16.
4d49
What is 3261 (base 8) in base 14?
8a5
Convert 3be3 (base 15) to base 6.
135153
Convert -11111110001 (base 2) to base 13.
-c05
-11773 (base 10) to base 13
-5488
c0eb (base 15) to base 11
2865a
What is 18298 (base 10) in base 15?
564d
What is 13025 (base 6) in base 7?
5501
4053 (base 7) to base 10
1410
a9e (base 15) to base 3
10021212
3118 (base 11) to base 9
5602
Convert -11101111 (base 2) to base 14.
-131
What is 840 (base 14) in base 6?
11304
Convert 1491c (base 13) to base 2.
1001011111101111
What is 30311 (base 4) in base 5?
11241
What is -100112022 (base 3) in base 9?
-10468
Convert 5530 (base 7) to base 5.
30411
-5434 (base 9) to base 13
-1a89
1313212 (base 4) to base 12
451a
What is 4843 (base 16) in base 14?
6a55
Convert 3d0 (base 15)